16, what is -4 + 7edf5f1?
7edf5ed
In base 8, what is 22 - 7725150?
-7725126
In base 15, what is 1da0819 - 2?
1da0817
In base 4, what is -23030022 + -332?
-23031020
In base 13, what is 49a2 - -398?
506a
In base 14, what is -6 - -3d6b3?
3d6ab
In base 8, what is 113200774 + 1?
113200775
In base 12, what is 9b59 - -1?
9b5a
In base 2, what is 1100100101000001000101 + 1110?
1100100101000001010011
In base 16, what is 2 + e895d?
e895f
In base 3, what is 2 - 2002000122112?
-2002000122110
In base 8, what is -2 + 21312304?
21312302
In base 6, what is 0 - -203212030?
203212030
In base 4, what is 302012 - 322100?
-20022
In base 11, what is 18 - -35492?
354aa
In base 3, what is -1100122100 - -22022?
-1100100001
In base 14, what is -37d746 - -1?
-37d745
In base 6, what is -105303442 - 51?
-105303533
In base 14, what is 104ad - -20?
104cd
In base 2, what is -1000101111000100100001 + 10110?
-1000101111000100001011
In base 11, what is 2a710 - -1549?
31159
In base 12, what is 4 - -6b8766?
6b876a
In base 16, what is -1a7a + -1d79b?
-1f215
In base 8, what is 41 + -34605?
-34544
In base 10, what is 13 + 8929151?
8929164
In base 4, what is -321313113 + 0?
-321313113
In base 12, what is -22a - -651a?
62b0
In base 14, what is b18b - 255?
ad36
In base 8, what is 45 - 42512?
-42445
In base 9, what is -456 + -1057867?
-1058434
In base 6, what is -1355212454 - -3?
-1355212451
In base 13, what is -a0080 + -9?
-a0089
In base 12, what is -5 - 16525b5?
-16525ba
In base 6, what is -435230 + 5305?
-425521
In base 10, what is -16488905 + 2?
-16488903
In base 11, what is -13 - -5a27a?
5a267
In base 15, what is 8e9c3 + 3?
8e9c6
In base 11, what is 1144334 + -7?
1144328
In base 14, what is -44 + -11346b?
-1134b1
In base 4, what is 22331032032 + 3?
22331032101
In base 5, what is 2112311102 - -10?
2112311112
In base 10, what is 30831 + 1551?
32382
In base 3, what is -22102101212111 - 2?
-22102101212120
In base 6, what is 5022 - 21104?
-12042
In base 13, what is -22a339 - 73?
-22a3ac
In base 6, what is 1504313520 - -3?
1504313523
In base 10, what is -13045 + 14925?
1880
In base 12, what is 109866a + 16?
1098684
In base 8, what is -176 - -47052?
46654
In base 10, what is -1178727 - 456?
-1179183
In base 5, what is 3 + 3042240023?
3042240031
In base 16, what is 11 + -7d12e?
-7d11d
In base 8, what is -133160310 + -10?
-133160320
In base 12, what is 2 + -132aa4?
-132aa2
In base 11, what is -5 - 2204898?
-22048a2
In base 14, what is 87b9c - 3c5?
877b7
In base 8, what is 17416 + 1371?
21007
In base 4, what is -312031 + -120102?
-1032133
In base 5, what is 2 - -3012422002?
3012422004
In base 8, what is 0 - 23670525?
-23670525
In base 3, what is 1201102 - 22002022011?
-22000120202
In base 16, what is 1 - a0043e?
-a0043d
In base 4, what is 3313032210 - -11?
3313032221
In base 15, what is -45 - -36224?
361ce
In base 4, what is 3 + -111022200110?
-111022200101
In base 7, what is 2202323 + 12132?
2214455
In base 11, what is -2518 - -4218?
1800
In base 11, what is 1aa66 + -6691?
14385
In base 3, what is -2 + 1010021201122002?
1010021201122000
In base 13, what is 37 - -bc39?
bc73
In base 8, what is -146766 - 1352?
-150340
In base 9, what is -5 - 2877582?
-2877587
In base 11, what is 495 + -39a31?
-39547
In base 2, what is 11000101110110101001 + -10?
11000101110110100111
In base 14, what is -9 - -4d7a5c3?
4d7a5b8
In base 16, what is 31 - 30e92?
-30e61
In base 6, what is -15 + 1421554023?
1421554004
In base 8, what is 1706371 + 13?
1706404
In base 9, what is 2578 + -13042?
-10353
In base 13, what is 7281973 - -1?
7281974
In base 11, what is 3 + -2a05685?
-2a05682
In base 3, what is -10 + 12111200210012220?
12111200210012210
In base 5, what is -1422012 - -10132?
-1411330
In base 8, what is 11053 + -4710?
4143
In base 5, what is 110 - 23012302442?
-23012302332
In base 2, what is 1110001111 - 1001111011010010?
-1001101101000011
In base 15, what is -acb0a4 + -62?
-acb116
In base 3, what is 0 - -1001000122100000?
1001000122100000
In base 8, what is -17 - -125153?
125134
In base 11, what is 8 - -1874154?
1874161
In base 9, what is 634182 - 86?
634085
In base 6, what is 32324232 + -1?
32324231
In base 4, what is -12110 + -1203330130?
-1210002300
In base 3, what is 120112021 - 210221200?
-20102102
In base 4, what is 2 - 11233213?
-11233211
In base 15, what is 6272d + -6?
62727
In base 9, what is -1736715 + -17?
-1736733
In base 5, what is 1444311 - -3?
1444314
In base 16, what is -841 - 2671?
-2eb2
In base 9, what is -368554 - 128?
-368683
In base 14, what is 6c657cb + -4?
6c657c7
In base 11, what is 43 + -53369?
-53326
In base 10, what is 99 - -345353?
345452
In base 7, what is -551146663 - -10?
-551146653
In base 14, what is 21569 - 239?
21330
In base 14, what is -c - -11d7b6?
11d7a8
In base 13, what is 3 - -96b1810?
96b1813
In base 12, what is 42a6479 + -2?
42a6477
In base 10, what is 1548321 + -6?
1548315
In base 3, what is 12 - -1011002001012021?
1011002001012110
In base 7, what is 12326 + 1650360?
1663016
In base 10, what is 5 - 16260504?
-16260499
In base 16, what is 326bd5a + -2?
326bd58
In base 10, what is 8828625 + 2?
8828627
In base 11, what is -53 + -77365?
-77408
In base 10, what is -2 - 208040147?
-208040149
In base 14, what is b38a5 + -152?
b3753
In base 4, what is -113320023 + -30132?
-120010221
In base 16, what is 9e4 - -5623?
6007
In base 16, what is -18ef68 - e?
-18ef76
In base 6, what is 1000343 - -1421?
1002204
In base 13, what is 1203324c + -4?
12033248
In base 14, what is 1da5 - -7ad0?
9a95
In base 3, what is -10101 + 212022122210?
212022112102
In base 16, what is -13 + -23fb58?
-23fb6b
In base 12, what is -23a7 + -88b6?
-b0a1
In base 6, what is 33512525 + 103?
33513032
In base 10, what is 73685221 + 1?
73685222
In base 15, what is 74 + 450c?
4581
In base 12, what is 1b + 35561?
35580
In base 10, what is -22 + -1448046?
-1448068
In base 5, what is -1023132 + -1401?
-1030033
In base 16, what is -10ae6 - a7?
-10b8d
In base 11, what is -a - -897a68?
897a59
In base 8, what is 433 + 111643?
112276
In base 7, what is 303602 - 664?
302605
In base 12, what is 26 - 1048355?
-104832b
In base 8, what is 6567 + -415?
6152
In base 6, what is 320512413 - -1223?
320514040
In base 4, what is -310 - 22213010113?
-22213011023
In base 7, what is 305262354 + -21?
305262333
In base 6, what is -353555 + -121?
-354120
In base 11, what is 27813 - 1085?
26739
In base 14, what is -5 - -c2603?
c25dc
In base 2, what is -1100000010000001 - -1000110110?
-1011111001001011
In base 8, what is -2006622 + 451?
-2006151
In base 13, what is -25249 + 338?
-24c11
In base 10, what is -4 + -98571124?
-98571128
In base 2, what is -10111110111100001111 - -10000101?
-10111110111010001010
In base 5, what is -10110414 - -12434?
-10042430
In base 7, what is -114425103 + 210?
-114424563
In base 10, what is -260340 + 467?
-259873
In base 6, what is -112020 - -3135?
-104441
In base 16, what is -142e + -1703?
-2b31
In base 10, what is -191 - -30373?
30182
In base 8, what is 26776446 + 120?
26776566
In base 14, what is -d56646 + -8?
-d56650
In base 15, what is -24 - -6498a8?
649884
In base 15, what is 100ab98 + 5?
100ab9d
In base 5, what is -22 - -30143033?
30143011
In base 10, what is 48 - 6761402?
-6761354
In base 13, what is 12 - -125a0?
125b2
In base 4, what is 1021111003 + -222?
1021110121
In base 7, what is -2202 + 5133?
2631
In base 5, what is -4 - 1223140343?
-1223140402
In base 5, what is -4 + -13142020204?
-13142020213
In base 12, what is -13462 - -185?
-13299
In base 10, what is 1090818 - 8?
1090810
In base 15, what is -3 - 8cb6d?
-8cb71
In base 6, what is -12 - 15015?
-15031
In base 7, what is 202614 + -10463?
162121
In base 13, what is 792b339 - 5?
792b334
In base 12, what is -364 - -a945?
a5a1
In base 3, what is -10 + 102100011101011?
102100011101001
In base 7, what is 3 - -302331613?
302331616
In base 4, what is -33001132 - 21?
-33001213
In base 15, what is -a031 + 1bdc?
-8344
In base 12, what is 3 - -ab64929?
ab64930
In base 14, what is -2 - 116064?
-116066
In base 14, what is -116 - 804d0?
-80606
In base 12, what is -3 - -2b6156a?
2b61567
In base 5, what is -24 + 1001231040?
1001231011
In base 14, what is -d2a3 - -5606?
-7a9b
In base 8, what is 10357610 + -17?
10357571
In base 13, what is 132 - -a686?
a7b8
In base 